{"id":35,"date":"2026-04-08T08:03:30","date_gmt":"2026-04-08T08:03:30","guid":{"rendered":"https:\/\/pege.wotech.at\/?page_id=35"},"modified":"2026-04-08T08:23:32","modified_gmt":"2026-04-08T08:23:32","slug":"vision","status":"publish","type":"page","link":"https:\/\/pege.wotech.at\/?page_id=35","title":{"rendered":"Vision"},"content":{"rendered":"<h4 align=\"center\" style=\"text-align: center;\"><b><span class=\"textcolor-secondaryColor\"><span class=\"\"><span class=\"custom-fontsize\">\u201cWir leben in einer Zeit, in der Energiesparen so notwendig, Sicherheit so\u00a0<\/span><\/span><\/span><\/b><\/h4>\n<h4 align=\"center\" style=\"text-align: center;\"><b><span class=\"textcolor-secondaryColor\"><span class=\"\"><span class=\"custom-fontsize\">erforderlich und Komfort so unverzichtbar wie noch nie waren.\u201d<\/span><\/span><\/span><\/b><\/h4>\n<p style=\"text-align: center;\"><span style=\"font-size: 18pt;\"><i><span class=\"\"><span class=\"custom-fontsize\"><b>Technologie als Kraft f\u00fcr das Gute<\/b><\/span><\/span><\/i><\/span><\/p>\n<p align=\"justify\" style=\"text-align: center;\">Wir glauben an die transformative Macht von Innovationen, die die Welt nachhaltig verbessern k\u00f6nnen.<\/p>\n<p align=\"justify\" style=\"text-align: center;\">Unsere Vision ist klar: Technologie muss ein Werkzeug f\u00fcr das Gute sein, das die Lebensqualit\u00e4t steigert<\/p>\n<p align=\"justify\" style=\"text-align: center;\">und gleichzeitig die Umwelt schont. Doch wahre Ver\u00e4nderung geht \u00fcber die blo\u00dfe Idee hinaus.<\/p>\n<p align=\"justify\" style=\"text-align: center;\">Sie erfordert tiefes Fachwissen, enge Zusammenarbeit und einen klaren Fokus auf das Wesentliche.<\/p>\n<p style=\"text-align: center;\"><strong><span style=\"color: #3366ff; font-size: 18pt;\"><span class=\"\"><i><span class=\"custom-fontsize\">Verbindung von Technik und Werten<\/span><\/i><\/span><\/span><\/strong><\/p>\n<p align=\"left\" style=\"text-align: center;\">Durch die Kombination von Technologie, Automatisierung und intelligentem Management entwickeln wir L\u00f6sungen,<\/p>\n<p align=\"left\" style=\"text-align: center;\">die nicht nur effizient sind, sondern das Leben der Menschen deutlich vereinfachen.<\/p>\n<p align=\"left\" style=\"text-align: center;\">Unsere Technologien tragen zur Sicherheit, Nachhaltigkeit und dem Einklang zwischen Technik, Mensch und Natur<\/p>\n<p align=\"left\" style=\"text-align: center;\">bei &#8211; Werte, die wir in jedem Schritt unseres Prozesses verankern.<\/p>\n<p style=\"text-align: center;\"><span class=\"\" style=\"color: #3366ff; font-size: 18pt;\"><i><span class=\"custom-fontsize\"><b>Pflichtbewusst in jedem Schritt<\/b><\/span><\/i><\/span><\/p>\n<p align=\"left\" style=\"text-align: center;\">Unser Ansatz reicht von der ersten Beratung bis hin zur finalen Installation. Dabei stehen wir stets im Einklang mit<\/p>\n<p align=\"left\" style=\"text-align: center;\">unseren Prinzipien und \u00fcbernehmen Verantwortung f\u00fcr eine nachhaltige Zukunft.<\/p>\n<p align=\"left\" style=\"text-align: center;\">Wir liefern smarte Technologien, die der Welt wieder das zur\u00fcckgeben, was ihr \u00fcber Jahrzehnte genommen wurde<\/p>\n<p align=\"left\" style=\"text-align: center;\">und das auf eine umweltfreundliche, energieeffiziente Weise.<\/p>\n<p align=\"center\" style=\"text-align: center;\"><i><b>Unsere Vision ist es, nicht nur die Welt von heute zu verbessern,\u00a0<\/b><\/i><\/p>\n<p align=\"center\" style=\"text-align: center;\"><i><b>sondern die Perspektiven von morgen zu gestalten.<br \/>\n<\/b><\/i><\/p>\n<p align=\"center\" style=\"text-align: center;\">Gerhard Osterbauer<\/p>\n<p class=\"kleinstyle\" align=\"center\" style=\"text-align: center;\"><span class=\"custom-fontsize\">Gesch\u00e4ftsleitung<\/span><\/p>\n","protected":false},"excerpt":{"rendered":"<p>\u201cWir leben in einer Zeit, in der Energiesparen so notwendig, Sicherheit so\u00a0 erforderlich und Komfort so unverzichtbar wie noch nie waren.\u201d Technologie als Kraft f\u00fcr das Gute Wir glauben an die transformative Macht von Innovationen, die die Welt nachhaltig verbessern k\u00f6nnen. Unsere Vision ist klar: Technologie muss ein Werkzeug f\u00fcr [&hellip;]<\/p>\n","protected":false},"author":1,"featured_media":0,"parent":0,"menu_order":0,"comment_status":"closed","ping_status":"closed","template":"","meta":{"footnotes":""},"class_list":["post-35","page","type-page","status-publish","hentry"],"_links":{"self":[{"href":"https:\/\/pege.wotech.at\/index.php?rest_route=\/wp\/v2\/pages\/35","targetHints":{"allow":["GET"]}}],"collection":[{"href":"https:\/\/pege.wotech.at\/index.php?rest_route=\/wp\/v2\/pages"}],"about":[{"href":"https:\/\/pege.wotech.at\/index.php?rest_route=\/wp\/v2\/types\/page"}],"author":[{"embeddable":true,"href":"https:\/\/pege.wotech.at\/index.php?rest_route=\/wp\/v2\/users\/1"}],"replies":[{"embeddable":true,"href":"https:\/\/pege.wotech.at\/index.php?rest_route=%2Fwp%2Fv2%2Fcomments&post=35"}],"version-history":[{"count":3,"href":"https:\/\/pege.wotech.at\/index.php?rest_route=\/wp\/v2\/pages\/35\/revisions"}],"predecessor-version":[{"id":70,"href":"https:\/\/pege.wotech.at\/index.php?rest_route=\/wp\/v2\/pages\/35\/revisions\/70"}],"wp:attachment":[{"href":"https:\/\/pege.wotech.at\/index.php?rest_route=%2Fwp%2Fv2%2Fmedia&parent=35"}],"curies":[{"name":"wp","href":"https:\/\/api.w.org\/{rel}","templated":true}]}}